f o and l?
11
Let t be (-1)/(-3)*(26 + 1). Calculate the highest common divisor of 36 and t.
9
Let k = -57 + 89. Calculate the greatest common factor of k and 128.
32
Suppose 0*i + 4*y = 3*i - 39, 4*y - 15 = -3*i. Let v = 478 + -228. Let d = v + -151. Calculate the highest common divisor of i and d.
9
Suppose u + 8 + 4 = -5*s, u - 2*s = 2. Let f be u + 3/((-9)/(-57)). Suppose 158 = 5*j - 437. Calculate the greatest common factor of f and j.
17
Let h(u) = -u**3 - 10*u**2 - 24*u + 9. Let r be h(-6). Let n = 7 + -1. What is the highest common divisor of r and n?
3
Let d = -6 + 13. Let u be 3/(-12) - (-87)/12. Calculate the greatest common factor of d and u.
7
Let q be 17/(-5) + (-8)/(-20). Let v be (0 + 7 + q)/2. What is the greatest common divisor of 8 and v?
2
Let c be 32/((-100)/15 - -7). Suppose 3*w - 58 = 5*y, 4*w + 5*y - 70 = -w. What is the highest common divisor of c and w?
16
Suppose 0 = 2*j - 6*j + 84. Let c(w) = 54*w - 3. Let f be c(2). What is the highest common divisor of j and f?
21
Let h = -287 + 410. Suppose -438 = -3*f + h. Let r(a) = 4*a**2 - 3*a + 7. Let l be r(2). What is the greatest common factor of f and l?
17
Let v = -5 + 13. What is the highest common divisor of 1 and v?
1
Let w(f) = f + 21. Let p be w(0). Let x = 48 - p. What is the highest common factor of 3 and x?
3
Let g(y) = y**3 + 12*y**2 - 7*y. Let k be g(-10). What is the highest common divisor of k and 108?
54
Let d = 15 - -1. Let g(v) = v**2 + 19*v - 2. Let h be g(-22). Calculate the highest common factor of h and d.
16
Let d be (0/(-3) - 0) + 3. Suppose g - 8 = 4*o, -g + 5*g + d*o = 70. What is the greatest common factor of g and 144?
16
Suppose -8 = -3*n + 1. Suppose 0 = -19*t - 9*t + 924. What is the greatest common factor of t and n?
3
Let t be 3*(1 + 1 - -82). Calculate the greatest common divisor of t and 28.
28
Let k be (-1)/(-1 - 2/(-4)). Suppose -k*y + 25 = 3*y. Suppose -y*n = -69 - 11. What is the greatest common divisor of 4 and n?
4
Let i be (4/6)/(8/36). Let j(x) = -x + 5. Let t(r) = -r**2 + 4*r + 4. Let m be t(4). Let p be j(m). What is the highest common divisor of p and i?
1
Let a = -129 + 199. What is the highest common factor of 14 and a?
14
Let w be (-2 - 7/(-2))*2. Suppose 0*o - 5*o - 4*c = -8, w*c = -9. Calculate the greatest common divisor of o and 1.
1
Let f = -8 - -20. Let w be 10/(-25) - f/(-5). Let j = w - -20. What is the highest common divisor of 66 and j?
22
Let b(p) = p**2 + 4*p + 19. Let q be b(8). What is the highest common divisor of q and 46?
23
Let n(p) = -p - 7. Let y(d) = -2*d - 7. Let g(v) = -6*n(v) + 4*y(v). Let r be g(-11). Calculate the greatest common factor of r and 9.
9
Let o = -10 - -16. Let v be -5*o/(-10)*2. Let q be (-130)/(-14) + 2/(-7). Calculate the greatest common factor of q and v.
3
Let f = 48 + -30. Let n = -10 - -16. What is the highest common divisor of n and f?
6
Let x(d) = -d - 1. Let m be x(-5). Suppose -3*j - m*z - 86 = -242, -z + 243 = 5*j. Calculate the highest common factor of j and 12.
12
Let j = 0 + 2. Suppose 0 = j*o - 3*o + 77. What is the highest common divisor of o and 11?
11
Let k(i) = -69*i + 14. Let h be k(-2). What is the highest common divisor of 8 and h?
8
Suppose 0*a - 5*a + 135 = 0. Suppose -3*r - 2*r + 15 = 0. Calculate the greatest common divisor of a and r.
3
Let n(z) = -2*z - 7. Let k be n(-8). What is the highest common factor of 9 and k?
9
Suppose f + 4*b = -f - 24, 0 = f - 2*b. Let n = f - -1. Let r be (-17)/(-1) - (-3 - n). Calculate the greatest common factor of 135 and r.
15
Let o(u) = -8*u + 2. Let a be o(-1). Let v be (21 + -1)*(-3 + a). Calculate the greatest common divisor of 20 and v.
20
Suppose -16 = 2*t - 6*t. Suppose 2*k - 4*i + 20 = i, 50 = -t*k + 5*i. Let f = k + 27. What is the highest common factor of 18 and f?
6
Let f(b) = 4*b + 4. Let s(z) = 7*z + 8. Let v(o) = 5*f(o) - 3*s(o). Let j be v(-7). Suppose -2*n - n = -3. Calculate the highest common divisor of j and n.
1
Let w be -5 + 4 - (-6 - 0). Let r = 11 - w. Calculate the greatest common divisor of 54 and r.
6
Suppose -i + 42 = 2*i. Calculate the greatest common factor of 98 and i.
14
Suppose -u + 1 + 2 = 0. Suppose -2*o - 2 = 0, -u*z + 141 = -o + 4*o. What is the highest common factor of z and 24?
24
Let y be -1 - ((-5 - -10) + -83). Suppose -2*t + 21 = t + 3*x, 4 = -x. Calculate the greatest common factor of t and y.
11
Suppose 3*u - 2*u = 6. Suppose u*s = 4*s + 24. Let n = 0 - -12. Calculate the greatest common factor of s and n.
12
Suppose 4*f = 4*u + 196, 3*f + 5*u = 107 - 0. Calculate the greatest common factor of 4 and f.
4
Let n(m) = -m**2 - 4*m + 13. Let o be n(-6). Calculate the greatest common factor of o and 2.
1
Let f = 178 + -58. What is the greatest common divisor of 48 and f?
24
Suppose 5*k = 2*k + 87. Calculate the greatest common divisor of k and 174.
29
Let x be ((-1)/(-1))/(1/(-6)). Let h = x - -2. Let r = h - -7. What is the greatest common factor of r and 21?
3
Suppose -g + 2*w + 29 = 0, 0 = g - 0*w - 3*w - 34. Calculate the greatest common factor of 19 and g.
19
Suppose -27 - 27 = -y. What is the greatest common factor of 6 and y?
6
Let o be (-1 - (-4 - -2))*183. Let n = -93 + o. What is the greatest common factor of 36 and n?
18
Let z(k) = -k**2 + 7*k + 7. Let b be z(4). Let s = 50 - 12. Calculate the greatest common divisor of s and b.
19
Suppose 2*m + 2*t - 88 = 0, 2*t - 5*t = -4*m + 148. What is the greatest common factor of m and 10?
10
Suppose -2*w = -3*w + 41. What is the greatest common divisor of 82 and w?
41
Suppose 2*k + g - 3 = k, 0 = k - 5*g + 3. Suppose 62 = 2*d + 4*o, 3*o = d + k*o - 22. Suppose 0 = 2*j - 10. Calculate the greatest common factor of j and d.
5
Suppose 5*z = 228 + 357. Suppose 2*a - 195 = -3*a - 3*m, -m = -3*a + 117. Suppose 0 = -5*w + 2*w + a. What is the highest common divisor of w and z?
13
Let p be 15 + (-2)/2 + 0. Suppose 0 = 5*i + y - p, 2*y = -5*i + 5*y + 18. Let j be i + -1 - (-2)/1. Calculate the greatest common factor of 1 and j.
1
Suppose 0 = -0*i - 3*i + 24. Let k = 16 - i. Calculate the greatest common divisor of k and 64.
8
Let t = 30 - 13. Let i = -5 + t. What is the highest common factor of 30 and i?
6
Suppose 0*q = -5*q + 100. Let t be (-3 + 17/5)*q. Calculate the highest common divisor of t and 40.
8
Let f(c) = -6*c**3 - 4*c**2 - 2*c. Let l be f(-2). Let m be (4/(-6))/(l/(-486)). What is the highest common factor of 1 and m?
1
Let q = -26 + 29. Calculate the greatest common divisor of 3 and q.
3
Let u(i) = -2*i + 1. Suppose 4 = -5*g + 3*g. Let j be u(g). Let x = 6 - -14. Calculate the greatest common factor of x and j.
5
Let c be (-4)/(12/(-93)) + -1. Suppose f = 4*n + 18, -2*f = -5*n - 21 - 6. Calculate the highest common factor of f and c.
6
Suppose -4*a + 7*a - 2*g - 12 = 0, 0 = -5*a + g + 20. Suppose -4*i = 2*t + a, 28 = t - 3*i + 5. Calculate the greatest common divisor of 12 and t.
4
Let b(s) = -s - 6. Let i be b(-10). Suppose -i + 60 = 7*t. What is the highest common divisor of t and 16?
8
Let k be 1 + 3 + 23 + -6. Calculate the greatest common divisor of k and 42.
21
Suppose 5*t - 57 - 158 = 0. Let d be -1 + 3 + -1 + t. Suppose 4 - d = -5*x. Calculate the highest common divisor of x and 2.
2
Suppose 0 = d - 1, 7 = 3*j + 2*d - 43. Calculate the greatest common factor of j and 2.
2
Let p = -3 - 3. Let t = p - -54. What is the highest common divisor of 32 and t?
16
Let y = 47 + 239. Calculate the highest common factor of y and 26.
26
Suppose 4*t = 5*v - 140, -3*t = 5*v - 0*t - 140. Calculate the greatest common divisor of 42 and v.
14
Let c be (48/5)/(1/10). Suppose 230 - 38 = 16*w. What is the greatest common factor of w and c?
12
Suppose 3*d - 120 = -0*d. Suppose -400 = -6*f + 2*f. Calculate the greatest common factor of f and d.
20
Let s(l) = l. Let t be s(6). Suppose -18 = -4*o + t. What is the greatest common factor of o and 24?
6
Let a(o) = o**3 - 3*o**2 - 10*o + 4. Let j be a(5). What is the highest common factor of j and 1?
1
Let a = -116 + 134. Calculate the greatest common divisor of a and 18.
18
Suppose -s + 3*z - 23 = -2*z, 0 = -3*z + 15. Suppose 0 = s*h - 0 - 4. Calculate the highest common divisor of h and 14.
2
Suppose 2*r - 62 = -4*h, -3*r + 2*r - 5 = 0. Let v = 21 + -12. What is the greatest common factor of h and 